 - 361. What is the units digit of r?
6
Let k be (-1)/1 - (-3)/(-3). What is the tens digit of ((-147)/35)/(k/40)?
8
Let j = -6 - -3. Let c be 4 - ((j - -3) + 2). Suppose -88 = -0*s - 4*s + c*r, 52 = 2*s + 3*r. What is the tens digit of s?
2
Let y(v) = -v - 2 + 3 + 0 - 2. Let a be y(4). Let q(j) = j**3 + 5*j**2 - 2*j - 2. What is the units digit of q(a)?
8
Let p = -1746 + 2089. What is the units digit of p?
3
Let g(f) = -20*f**2 - 39*f - 3. Let t(h) = 7*h**2 + 13*h + 1. Let b(w) = 6*g(w) + 17*t(w). What is the tens digit of b(-10)?
2
Let o(f) = -12*f**2 + 10*f - 12. Let b be o(3). What is the units digit of (-3 - -2)/(1*1/b)?
0
Let w = 68 + -63. Suppose w*i = -0*i + 370. What is the units digit of i?
4
Let m = -4097 - -7078. What is the thousands digit of m?
2
Let n be (-2 - 0) + -18 + 136. Let q = 169 - n. What is the tens digit of q?
5
What is the tens digit of (((-9)/3)/(-6))/(11/14256)?
4
Suppose 13*c = 9*c + 8. Suppose z + 10 = 2*b - 3*z, 2*b - c*z = 8. Suppose -73 - 78 = -4*w - 3*l, -b*l = -4*w + 169. What is the units digit of w?
0
Let b(y) be the first derivative of -y**3/3 - 13*y**2/2 + 2*y + 1. Let t be b(-10). Suppose 2*m = -3*x + t, m = -3*x + 1 + 18. What is the units digit of m?
3
Let m = -118 - -123. Suppose 0 = -m*b - 182 + 827. What is the hundreds digit of b?
1
Suppose 4*p = 9*p + 10. Let v be -2 + 6/(-4)*p. What is the tens digit of 4 + -2 + v - -58?
6
Let h = -4 - -9. Suppose 0*i + 32 = 4*r - i, -h*r - i + 49 = 0. Suppose r*z - 6*z - 99 = 0. What is the tens digit of z?
3
Suppose -2*z + 4 = -3*i + 151, -5*i = 2*z - 261. What is the tens digit of i?
5
Suppose 9*g + 2500 = 14*g. Suppose g = 3*r + 56. What is the hundreds digit of r?
1
Suppose -2*i + 8254 = 5*z, -5*i = 4*z + 4273 - 10883. Suppose 0 = -10*j + 25*j - z. What is the units digit of j?
0
Suppose m - 34 = 373. What is the tens digit of m?
0
Let u(q) = -3*q + 7. Let a be u(-7). Let p = 53 - a. What is the units digit of p?
5
Let l(w) = -10 - 5*w + 4 + 23*w + 4. Let a be ((-2)/(-4))/(3/6). What is the tens digit of l(a)?
1
Let u(v) = -v**2 + 18*v - 42. Let z be u(15). Suppose 550 = 5*y - 5*r, -2*r + z = -3. What is the hundreds digit of y?
1
Let a(f) be the first derivative of -103*f**2/2 + 2*f - 15. What is the units digit of a(-1)?
5
Suppose 2 + 2 = -2*a + w, 5*w - 20 = -4*a. Suppose a = 2*o - 4*o - 4. What is the units digit of 1/o*(-9 + 5)?
2
Let r = -189 - -331. What is the tens digit of r?
4
Suppose 0 = -r + 4*r - 6. Let u be (r - 6)/4 + -2. What is the tens digit of (-4)/(-4)*u - -18?
1
Suppose -4*d + 2*d = -5*y + 569, -15 = -5*d. What is the hundreds digit of 4 + 0 + (y - 6)?
1
Let d = 1215 - 539. What is the units digit of d?
6
Let i(l) = -2*l**3 - 3*l**2 + l - 1. Let y(q) = -7*q**2 + 1. Let n be y(-1). Let r(b) = b**3 + 7*b**2 + 7*b + 3. Let u be r(n). What is the units digit of i(u)?
3
Suppose 0 = 5*j - 4*u + 47, -2*j + 4*u = -0*u + 26. Let h = 16 + j. Let p = h - 8. What is the units digit of p?
1
Let d = -840 - -1766. What is the units digit of d?
6
Let u = 829 - 47. What is the units digit of u?
2
What is the hundreds digit of (-14 + -16)*((-51)/2 - -2)?
7
What is the units digit of 63492/110 - ((-4)/5 + 1)?
7
Let o(r) = 114*r + 71. What is the units digit of o(5)?
1
What is the units digit of (112/168)/(4/6966)?
1
Let o(b) = -b**3 + 14*b**2 - 15*b + 29. Let k be o(13). What is the hundreds digit of k/(-9) + 3215/15?
2
Let w(l) = l**2 + l + 54. Let n be w(0). Suppose 3*v - n = -x + 46, -v + 92 = x. What is the tens digit of x?
8
Suppose 40 = 5*w + 6*m - 2*m, -2*w + 4*m = 12. What is the tens digit of 125/(w - (-12)/(-4))?
2
Suppose -2*w - 73 = -21. Let n = 13 - w. Suppose -f - n = -4*f. What is the units digit of f?
3
Let g be ((-3)/(-9))/((-1)/(-12)). Let z be -7*(-3)/(g - 1). Let p = z + 14. What is the tens digit of p?
2
Let c = 605 - 177. What is the tens digit of c?
2
Let x(n) = n**2 - n + 9. Let b(g) = g**2 - g + 9. Let l(i) = 3*b(i) - 4*x(i). Let c be l(0). Let j = c - -17. What is the units digit of j?
8
What is the tens digit of 11332/11 - 374/2057?
3
What is the hundreds digit of 340 - (3 + -7 + -4)?
3
Suppose 9*a - 13*a + 108 = 0. Suppose a*y - 120 = 23*y. What is the units digit of y?
0
Suppose 1033*b - 1038*b + 1895 = 0. What is the tens digit of b?
7
Suppose d + 20 = 5*x - d, -4*d - 8 = -2*x. Suppose -5*h = 4*s - 55, 4*s - 36 - x = -4*h. What is the units digit of h?
5
Suppose x = -2*x. Suppose 5*q = 0, -d + 3 = -x*d - 2*q. Suppose -25 = -d*n + 5. What is the tens digit of n?
1
Let t be -24*12/(-8) - 0. What is the tens digit of 1/(-3) + 1848/t?
5
Let c(m) = 9*m**2 + m. Let k be c(-1). Let f be (2 - 0)*156/k. What is the tens digit of 4/6*f/2?
1
Suppose 3*g - 3873 = 16*y - 20*y, y = 4*g - 5164. What is the hundreds digit of g?
2
Let t be -1 - (378/(-12) + 1/2). Suppose -3*d = 3*m - t, 4*m + 0*d = 4*d + 32. What is the units digit of m?
9
Let f(s) = 454 + 0*s**2 - 7*s**3 + s**2 + s - 453. What is the units digit of f(-1)?
8
Suppose 4*n = -v - n - 14, -5*v - 5*n = 30. Let i be 3/v + (-97)/4. Let f = -13 - i. What is the units digit of f?
2
Let b = 419 - 269. What is the hundreds digit of b?
1
Let t(p) = -724*p + 15. What is the tens digit of t(-1)?
3
Let f be 96/(-7) + 10/(-35). Let n = f + 8. Let b(m) = -m**2 - 6*m + 6. What is the units digit of b(n)?
6
What is the tens digit of (2 - 1)/((-1)/(-130))?
3
Suppose 4*x - 2 = 2. Suppose 1 = d - x. Suppose -4*r - 4*s = -d*s - 100, -5*r - s = -128. What is the units digit of r?
6
Let y(z) = -34*z + 4. Let x(t) = -t**2 + 12*t - 10. Let g be x(9). Suppose 2*p = -5*q - g, -4*q - 12 = -0*q. What is the units digit of y(p)?
8
Let y(r) = -1 + 11*r - r**3 - r**2 - 3 - 5*r**2 + 15. Let p be y(-8). Suppose 2*f - 3 = 3*n - p, 4*n - f = 64. What is the units digit of n?
6
Let u = -438 - -6005. What is the thousands digit of u?
5
Suppose 5*b + 18 = 7*b. Suppose 0 = b*h - 8*h - 4. Suppose c - 22 = -5*m, h*c - 69 = -0*c - m. What is the tens digit of c?
1
Let r(u) = 8*u**2 + 5*u + 4 + u - 2. What is the units digit of r(-4)?
6
Suppose m = 4*m - 2*d - 17, -m = -2*d - 11. Suppose m*u = -5*u + 16. What is the units digit of u?
2
Let r = 70 - 118. What is the tens digit of (8 + 1)/((-4)/r)?
0
Let t = 10 - -2. Suppose -t = 4*f - f. What is the tens digit of 39/1*f/(-12)?
1
What is the units digit of (-352)/(-5)*(0 - (-10)/4)?
6
Suppose -35*o + 30*o + 1585 = 0. What is the hundreds digit of o?
3
Suppose 9*k = 14*k. Suppose l + 0*l = 60. Suppose -2*p + l = -k*p. What is the units digit of p?
0
What is the units digit of 10/4*(-3 + 1845/25)?
7
Let i(c) = -18*c**3 + c**2 + c. Let n(s) = s**2 + 4*s - 1. Let h be n(-4). Let m be i(h). Suppose -183 = -5*y - m. What is the tens digit of y?
3
Let h = 2363 + -667. What is the thousands digit of h?
1
Suppose q = -2*z - 5, -7 = -2*q + 2*z + 7. Suppose -3*o + 9 = 0, -5*u - q*o = -2*u + 102. What is the units digit of 2 - (-2 - u/(-1))?
1
Let g(o) = -4*o**2 + 199*o + 7. What is the hundreds digit of g(9)?
4
Suppose 778*s - 784*s = -5988. What is the hundreds digit of s?
9
Let v(k) = -k - 5. Let y be v(-11). What is the units digit of 178/4 + y/(-12)?
4
Suppose 0 = -4*b - 3*h - 9, 4*b + 7 = -4*h - 1. Let j(g) = g**3 - 2*g**2 - 3*g - 3. Let a be j(b). Let k = -21 - a. What is the tens digit of k?
1
Suppose x + 42 = -4*u, 5*x + 4*u - 35 + 213 = 0. Let g = 59 + x. Suppose 4*j + 3*r - 94 = 0, 5*r - g = -3*j + 40. What is the tens digit of j?
2
Let n be (-2)/(((-2)/5)/2). Suppose -10 = 5*k - n*k. What is the tens digit of (-2 - -22)*k/4?
1
Suppose 4*m = 0, -3*f - m = 2*m + 30. What is the units digit of 16/20 - 912/f?
2
Suppose -3 = -w + 2*w. What is the tens digit of (w - 1)*(-4)/16*103?
0
Suppose 69 = -5*y - 156. What is the units digit of 1376/30 - (231/y - -5)?
6
Suppose 0 = -3*c + 109 + 128. Suppose c*d - 270 = 76*d. What is the units digit of d?
0
Suppose -6*i + 1 = -7*i, -4*i = v - 68. What is the units digit of v?
2
Suppose 404 = 3*o - 2*k, -5*o - 4*k + 665 = k. What is the units digit of o?
4
Suppose 5*b - 79 = 41. Suppose 3*v = -5*d + 4*v + 60, -b = -2*d - 3*v. What is the tens digit of d?
1
Suppose -360*o + 371*o - 30140 = 0. What is the tens digit of o?
4
Suppose 3*m + 0*m + 1707 = a, 0 = -2*a - 2*m + 3446. What is the units digit of a?
9
Suppose -3*a - 5 = -f, -3*f = 